g*n - 27. What is the remainder when 107 is divided by n?
26
Calculate the remainder when 97 is divided by -5 - (-1309)/255 - 326/(-30).
9
Suppose -26*f + 31*f = 155. What is the remainder when 339 is divided by f?
29
Let p(v) = -v**3 - 38*v**2 - v + 255. Calculate the remainder when p(-38) is divided by 98.
97
Let a = 2813 - 2571. What is the remainder when a is divided by 58?
10
Let r(s) = -s**2 + 4*s + 9. Let l be r(5). Suppose -3*j + 64 = -5*h, -l*h + 32 = j - 3*h. Calculate the remainder when 139 is divided by j.
27
Let d = -29 - -61. Suppose 127 = 3*i - 251. What is the remainder when i is divided by d?
30
Let k(y) = y**3 + 2*y**2 - 20*y + 4. Calculate the remainder when 295 is divided by k(4).
15
Let s(w) = 51*w + 13. What is the remainder when s(4) is divided by 32?
25
Suppose 2*i + 0 - 4 = 0. Let g(s) = 2*s**2 - 2*s + 2. Let t be g(i). Suppose f - t*f = -635. Calculate the remainder when f is divided by 32.
31
Suppose -5*k = 3*u - 686, 5*u = 2*k - 4*k + 1156. Calculate the remainder when u is divided by 17.
11
Let v = -3 + 8. Suppose -31 = -4*q + v. Let g(m) = 2*m**2 - 6*m + 6. Calculate the remainder when g(5) is divided by q.
8
Let q = 96 + -82. What is the remainder when 38 is divided by q?
10
Let s(x) = -x**2 + 8*x + 5. Let d be s(8). Suppose -w - 4*k = -13, -30 - 50 = -5*w - d*k. What is the remainder when 62 is divided by w?
11
Let f be (-12)/5*(27 - -53). Let o = 203 + f. Suppose 4*l + 2*k - 138 = -28, -5*l = -3*k - 165. Calculate the remainder when l is divided by o.
8
Let j(z) be the third derivative of 1/15*z**6 + 0 + 0*z - 1/6*z**3 + 0*z**4 + 1/30*z**5 - 2*z**2. What is the remainder when 35 is divided by j(1)?
8
Let i(q) = -2*q + 4. Calculate the remainder when 81 is divided by i(-8).
1
Let r(x) be the first derivative of x**3 + x**2 + 10*x - 7. Calculate the remainder when 96 is divided by r(-4).
46
Let i = 140 + 10. Suppose -o = -7*o + i. Suppose 2*w - o = -m, -m - 5*w = -w - 23. Calculate the remainder when m is divided by 8.
3
Let s(a) = -a**3 - 6*a**2 - 5*a + 2. What is the remainder when -5*((-156)/15 + -2) is divided by s(-6)?
30
Calculate the remainder when 63 is divided by 286/4*(-672)/(-1232).
24
Let k(s) = s**3 - 6*s**2 - 6*s + 4. Suppose 22 = 4*g - 3*q, -4*q + 3 = 2*g - 19. What is the remainder when 41 is divided by k(g)?
8
Suppose 20*p - 3099 - 101 = 0. Calculate the remainder when p is divided by 82.
78
Let y(g) = -7*g + 196. What is the remainder when y(23) is divided by 7?
0
Suppose -3*p - 42 = 3. Let r be -3 - -6 - 1*p. Suppose 6*j = 4*u + 2*j - 12, 0 = 2*u + 4*j - r. What is the remainder when 13 is divided by u?
3
Let h(s) = 3*s + 13. Let i(k) = -5*k + 8. Let a be i(0). Calculate the remainder when h(a) is divided by 5.
2
Suppose 81 = 3*l - 3*h, -2 = 2*h - h. What is the remainder when l is divided by (24/(-30) - 2)*-5?
11
Let q(d) = 39*d + 31. What is the remainder when 78 is divided by q(0)?
16
Suppose 14 + 151 = 3*g. What is the remainder when g is divided by (-20)/(-1) + -10*5/(-25)?
11
Let w(k) = k**2 + 8*k + 11. Let s be w(-7). Suppose -4 = -s*q, -5*a + 6*q + 20 = q. What is the remainder when 11 is divided by a?
1
Suppose 0 = -761*p + 777*p - 432. Let r(f) = 10*f**2 + 3*f - 4. What is the remainder when r(3) is divided by p?
14
Suppose 37 = -2*h - 7. What is the remainder when 3/6*h*-1 is divided by (19/76)/(1/16)?
3
Suppose z = -4*z + 90. What is the remainder when 48 is divided by z?
12
What is the remainder when 167 is divided by 1/(-4) + 258/8?
7
Let x(p) = -p**3 - 2*p**2 - p. Let t be x(-2). What is the remainder when (0 - (1 - t) - -49)*2 is divided by 17?
15
Suppose 0 = -16*j + 48 + 496. What is the remainder when 235 is divided by j?
31
Let n = -35 + 35. Suppose n*s = -3*s + 72. Calculate the remainder when s is divided by 7.
3
Let l = -965 + 1015. Calculate the remainder when l is divided by 29.
21
Let c be 10 + (-3 - 0/2). Suppose 0 = c*o - 9*o. Suppose 0 = -5*s - o*s + 145. Calculate the remainder when s is divided by 8.
5
Suppose -2*g + 10 = -3*l, -l + 35 - 1 = 4*g. What is the remainder when 895 is divided by g?
7
Let r = 69 - 64. Suppose -2*k = m - 9, -36 - 14 = -r*m - 5*k. Calculate the remainder when m is divided by (6 + -2)*14/8.
4
What is the remainder when (-73357)/(-1199) + 2/(-11) is divided by 27?
7
Let q(m) = 2*m**3 - m**2 - 5*m + 36. Calculate the remainder when 358 is divided by q(0).
34
Suppose 6*o = o + 895. Suppose o = 4*n + 3*b, 106 = -5*n - b + 338. Calculate the remainder when n is divided by 25.
22
Let y(r) = 6*r**2 - 35*r - 2. Let s be y(6). Suppose -s*g + 12 = k, 0 = 5*k - k - g - 116. What is the remainder when k is divided by 11?
6
Let g(a) = a**3 + 2*a**2 - 5. Calculate the remainder when 25 is divided by g(2).
3
Let m = 18 + -6. Let n = 0 - -6. Suppose -n*a - 350 = -16*a. Calculate the remainder when a is divided by m.
11
Suppose 2*t - 7*t + 5 = 0. Suppose -2*m + t - 9 = 0. What is the remainder when (m - -7)*(-52)/(-6) is divided by 7?
5
Let l(c) = 4*c**2 + 4*c + 3. Let k(x) = -10*x + 2. What is the remainder when k(-4) is divided by l(-2)?
9
Let f = -464 + 478. What is the remainder when 28 is divided by f?
0
Suppose 10*i + 41 = 11*i - 2*l, -225 = -5*i + 5*l. Let v = 77 - 55. What is the remainder when i is divided by v?
5
Suppose 0 = v, -5*v + 41 + 3 = s. Calculate the remainder when 77 is divided by s.
33
Let j = 3 + -15. Let n = 15 + j. Suppose n*s - 3 = 12. Calculate the remainder when 12 is divided by s.
2
Calculate the remainder when 41 is divided by (14/(-35))/(22/(-165)).
2
Let m(y) = -y**3 + 10*y**2 + y - 14. Let n be m(10). What is the remainder when (n - 5/(-2))*(-44)/3 is divided by 14?
8
Let j = 339 + -74. Suppose 0*d - j = -5*d. Calculate the remainder when d is divided by 28.
25
Let j = 20 + -12. Suppose 4*w + 35 = 3*b, -3*b - w = w - 5. Suppose b*l - 4*l = 23. Calculate the remainder when l is divided by j.
7
Let g = -17 - 22. Let b = g + 98. Let i = 389 - 368. Calculate the remainder when b is divided by i.
17
Let r be (-1)/5 + (-224)/5. Let j = -28 - r. Calculate the remainder when j is divided by 3.
2
Suppose -4*f + 4*o = -176, -f + 5*o = -5*f + 167. What is the remainder when f is divided by 18?
7
Let w = 968 + -960. Suppose -5*u + 138 = 4*q - 212, -210 = -3*u + 5*q. Suppose 3*k - u = -2*k. Calculate the remainder when k is divided by w.
6
What is the remainder when 46 - 3*(2 - 13/3) is divided by 33?
20
Let b be 0/2*(-5 + 6)/1. Suppose 10*y - 2*y - 800 = b. What is the remainder when y is divided by 21?
16
Let z = -34 + 246. Suppose 4*g = -4*n + z, 0*g = 2*g - n - 100. Calculate the remainder when 98 is divided by g.
47
Suppose 32*w = 22*w + 580. What is the remainder when w is divided by 20?
18
Let a = 72 + -21. Suppose -421 = -2*v + 5*z, 3*v + 0*z + 2*z - 603 = 0. Calculate the remainder when v is divided by a.
50
Let p(u) = u**3 + 48*u**2 + 46*u + 34. Let z(g) = -g**3 - 13*g**2 - 12*g + 12. Calculate the remainder when p(-47) is divided by z(-12).
9
Suppose 0 = 3*g - 5*g + 24. Let w = -207 - -303. Let h = -62 + w. Calculate the remainder when h is divided by g.
10
Let m(y) = 20*y + 4*y + 128 - 130. Calculate the remainder when m(1) is divided by 10.
2
Let p(f) = f**3 + 7*f**2 + 5*f + 4. Let d = -17 + 20. Suppose -m = 0, 2*z - d*m = -z + 21. Calculate the remainder when p(-3) is divided by z.
4
Let v = 620 - 507. Calculate the remainder when v is divided by 51.
11
Let s be 92/28 + (-2)/7. Calculate the remainder when 93 is divided by 34/s - (-14)/21.
9
Suppose 3*c - 5 - 1 = 0. What is the remainder when (-1 + 0 + c)*38 is divided by (-1 - -21) + (-7)/((-7)/(-7))?
12
Calculate the remainder when 6/(-27) + (-191)/(-9) is divided by 14.
7
Let x(t) = 2*t**2 - 13*t + 30. What is the remainder when 43 is divided by x(2)?
7
Suppose 4*r - 232 = -201*k + 199*k, -5*k = -3*r - 593. Calculate the remainder when 234 is divided by k.
116
Let p be (-70)/(-3) - 12/(-18). Suppose -s - 20 = -n + 2*s, p = 5*n + 4*s. What is the remainder when 13 is divided by n?
5
Suppose -3*a - 4*b = -1520, 4*a + 2*b - 2600 = -570. Calculate the remainder when a is divided by 64.
60
Let v(o) = -8*o + o**2 + o - 2*o - 4 + 16. Let z be v(8). Suppose 8 = z*l - 28. What is the remainder when 33 is divided by l?
6
Let i = 189 - 161. Let z be 2/(-9) + (-1274)/(-63). Sup